e remainder when 4403717 is divided by 1518.
1517
What is the remainder when 149101 is divided by 24?
13
Calculate the remainder when 88800 is divided by 105.
75
Calculate the remainder when 5555 is divided by 923.
17
Calculate the remainder when 47449 is divided by 15814.
7
Calculate the remainder when 2617 is divided by 647.
29
Calculate the remainder when 2387 is divided by 1185.
17
Calculate the remainder when 364 is divided by 248.
116
What is the remainder when 9201 is divided by 3056?
33
What is the remainder when 41604 is divided by 187?
90
What is the remainder when 106565 is divided by 279?
266
Calculate the remainder when 24196 is divided by 756.
4
What is the remainder when 5685 is divided by 38?
23
Calculate the remainder when 909 is divided by 237.
198
What is the remainder when 45366 is divided by 45210?
156
What is the remainder when 16468 is divided by 358?
0
Calculate the remainder when 44393 is divided by 21.
20
What is the remainder when 4275 is divided by 1990?
295
What is the remainder when 563 is divided by 24?
11
What is the remainder when 25713 is divided by 186?
45
Calculate the remainder when 33598 is divided by 175.
173
Calculate the remainder when 30488 is divided by 2344.
16
Calculate the remainder when 158950 is divided by 38.
34
What is the remainder when 676 is divided by 43?
31
Calculate the remainder when 6522 is divided by 128.
122
What is the remainder when 1185 is divided by 165?
30
What is the remainder when 871211 is divided by 871197?
14
Calculate the remainder when 13505 is divided by 13.
11
Calculate the remainder when 28509 is divided by 432.
429
What is the remainder when 900 is divided by 191?
136
Calculate the remainder when 6445 is divided by 35.
5
What is the remainder when 22087 is divided by 307?
290
What is the remainder when 1071 is divided by 30?
21
What is the remainder when 207347 is divided by 319?
316
Calculate the remainder when 338786 is divided by 511.
504
What is the remainder when 192343 is divided by 13734?
67
Calculate the remainder when 5369 is divided by 359.
343
Calculate the remainder when 202903 is divided by 13525.
28
What is the remainder when 296349 is divided by 98782?
3
What is the remainder when 64041 is divided by 719?
50
Calculate the remainder when 406303 is divided by 1881.
7
What is the remainder when 160 is divided by 67?
26
What is the remainder when 29903 is divided by 73?
46
What is the remainder when 8149 is divided by 4060?
29
What is the remainder when 14718 is divided by 409?
403
Calculate the remainder when 115611 is divided by 119.
62
Calculate the remainder when 6583 is divided by 2614.
1355
What is the remainder when 195386 is divided by 10?
6
Calculate the remainder when 36048 is divided by 103.
101
Calculate the remainder when 11903 is divided by 153.
122
What is the remainder when 68038 is divided by 378?
376
What is the remainder when 1221 is divided by 846?
375
What is the remainder when 10201 is divided by 17?
1
Calculate the remainder when 182054 is divided by 159.
158
What is the remainder when 1046 is divided by 1037?
9
What is the remainder when 641997 is divided by 375?
372
What is the remainder when 3666 is divided by 275?
91
Calculate the remainder when 3089 is divided by 774.
767
What is the remainder when 3470 is divided by 23?
20
Calculate the remainder when 33975 is divided by 893.
41
What is the remainder when 166402 is divided by 83184?
34
Calculate the remainder when 3361340 is divided by 1952.
1948
Calculate the remainder when 36762 is divided by 604.
522
What is the remainder when 5812 is divided by 2875?
62
What is the remainder when 3858 is divided by 408?
186
What is the remainder when 6714 is divided by 168?
162
Calculate the remainder when 598434 is divided by 371.
11
Calculate the remainder when 1841151 is divided by 29.
28
What is the remainder when 48865 is divided by 9764?
45
What is the remainder when 27982 is divided by 22?
20
Calculate the remainder when 3558 is divided by 1157.
87
Calculate the remainder when 912 is divided by 461.
451
Calculate the remainder when 104627 is divided by 8717.
23
Calculate the remainder when 26092 is divided by 123.
16
Calculate the remainder when 11055 is divided by 29.
6
Calculate the remainder when 15042 is divided by 3526.
938
What is the remainder when 7738 is divided by 75?
13
Calculate the remainder when 44225 is divided by 81.
80
Calculate the remainder when 54308 is divided by 2276.
1960
Calculate the remainder when 3133 is divided by 14.
11
Calculate the remainder when 17036 is divided by 159.
23
What is the remainder when 1600 is divided by 798?
4
Calculate the remainder when 6403 is divided by 6393.
10
What is the remainder when 1625 is divided by 322?
15
What is the remainder when 11932 is divided by 982?
148
Calculate the remainder when 890515 is divided by 41.
36
What is the remainder when 677174 is divided by 225713?
35
What is the remainder when 22264 is divided by 61?
60
Calculate the remainder when 603200 is divided by 43.
39
Calculate the remainder when 6433 is divided by 37.
32
What is the remainder when 397 is divided by 196?
5
What is the remainder when 180 is divided by 63?
54
Calculate the remainder when 29413 is divided by 3569.
861
What is the remainder when 1324 is divided by 31?
22
Calculate the remainder when 1324 is divided by 1262.
62
Calculate the remainder when 2669497 is divided by 63.
61
What is the remainder when 81282 is divided by 97?
93
What is the remainder when 468875 is divided by 288?
11
Calculate the remainder when 2621976 is divided by 2956.
4
What is the remainder when 2719 is divided by 390?
379
What is the remainder when 8595 is divided by 858?
15
Calculate the remainder when 20527 is divided by 185.
177
What is the remainder when 1402593 is divided by 57?
51
What is the remainder when 3155 is divided by 196?
19
Calculate the remainder when 403 is divided by 90.
43
Calculate the remainder when 13479 is divided by 9.
6
What is the remainder when 5543 is divided by 430?
383
Calculate the remainder when 2930 is divided by 18.
14
Calculate the remainder when 7411978 is divided by 345.
343
What is the remainder when 92290 is divided by 7690?
10
Calculate the remainder when 74138 is divided by 13.
12
What is the remainder when 16125 is divided by 366?
21
What is the remainder when 8944 is divided by 75?
19
Calculate the remainder when 11527 is divided by 2871.
43
Calculate the remainder when 97188 is divided by 50.
38
Calculate the remainder when 21162 is divided by 5003.
1150
What is the remainder when 256 is divided by 97?
62
What is the remainder when 13606 is divided by 6267?
1072
What is the remainder when 166432 is divided by 24?
16
Calculate the remainder when 3670 is divided by 1821.
28
What is the remainder when 53194 is divided by 132?
130
What is the remainder when 893837 is divided by 1914?
1913
What is the remainder when 1088 is divided by 1?
0
What is the remainder when 161585 is divided by 282?
281
What is the remainder when 13697 is divided by 26?
21
What is the remainder when 1826 is divided by 259?
13
What is the remainder when 7342 is divided by 1035?
97
Calculate the remainder when 9173 is divided by 6.
5
What is the remainder when 204099 is divided by 15699?
12
Calculate the remainder when 236637 is divided by 236635.
2
What is the remainder when 50340 is divided by 83?
42
What is the remainder when 92548 is divided by 19?
18
What is the remainder when 104339 is divided by 315?
74
Calculate the remainder when 1234 is divided by 150.
34
Calculate the remainder when 3241 is divided by 806.
17
Calculate the remainder when 295 is divided by 74.
73
Calculate the remainder when 656 is divided by 198.
62
Calculate the remainder when 552625 is divided by 78.
73
What is the remainder when 12644059 is divided by 44?
43
What is the remainder when 3925 is divided by 21?
19
Calculate the remainder when 2056 is divided by 109.
94
Calculate the remainder when 913 is divided by 124.
45
What is the remainder when 68988 is divided by 120?
108
What is the remainder when 339 is divided by 259?
80
Calculate the remainder when 820246 is divided by 156.
154
What is the remainder when 1555647 is divided by 27?
15
What is the remainder when 740